{"id":2,"date":"2020-11-26T12:59:01","date_gmt":"2020-11-26T15:59:01","guid":{"rendered":"http:\/\/grupomedicodominico.com.ar\/?page_id=2"},"modified":"2025-11-27T20:43:32","modified_gmt":"2025-11-27T23:43:32","slug":"grupo-medico-dominico","status":"publish","type":"page","link":"http:\/\/grupomedicodominico.com.ar\/","title":{"rendered":"Nuestros Servicios"},"content":{"rendered":"\n<p class=\"has-text-align-left has-pale-cyan-blue-background-color has-background has-medium-font-size\"><strong>RADIOLOG\u00cdA DIGITAL<\/strong><\/p>\n\n\n\n<p class=\"has-black-color has-text-color has-link-color wp-elements-0dd480ccfc86914ee0729806f85e3b44\">NUESTRO SISTEMA DE RADIOLOG\u00cdA ES DIGITAL, CONTAMOS CON DOS APARATOS DE RAYOS, Y TRES PUESTOS DE TRABAJO, CON INTENSIFICADOR DE IM\u00c1GENES Y CIRCUITO CERRADO DE TV, ADEM\u00c1S DEL PERSONAL T\u00c9CNICO ALTAMENTE CAPACITADO.<\/p>\n\n\n\n<p class=\"has-black-color has-text-color has-link-color wp-elements-8ae5585e12d514cd3a80a54e133ef18a\">PARA RADIOLOG\u00cdA SIMPLE NO SE REQUIERE SOLICITAR TURNO PREVIO.<\/p>\n\n\n\n<p class=\"has-pale-cyan-blue-background-color has-background has-medium-font-size\"><strong>MAMOGRAF\u00cdA DIGITAL DE ALTA RESOLUCI\u00d3N<\/strong><\/p>\n\n\n\n<p class=\"has-black-color has-text-color has-link-color has-medium-font-size wp-elements-e5edbf43a7197ece5341ea12f26b44dc\">La mamograf\u00eda es el estudio radiol\u00f3gico de la gl\u00e1ndula mamaria.<br>Es la mejor herramienta de detecci\u00f3n actualmente disponible para c\u00e1ncer de mama, ya que nos permite descubrir lesiones m\u00ednimas antes que \u00e9stas tengan representaci\u00f3n cl\u00ednica.<br>Este examen consiste en una radiograf\u00eda de la mama, la cual emplea rayos X de baja potencia para visualizar el tejido mamario.<br>Para su realizaci\u00f3n, cada seno es presionado entre 2 l\u00e1minas pl\u00e1sticas por algunos segundos, de esta forma, se impide que la radiaci\u00f3n afecte otros \u00f3rganos.<\/p>\n\n\n\n<p class=\"has-black-color has-text-color has-link-color has-medium-font-size wp-elements-f9a369f33db8f18849c129a970682fa8\"><br>Estudios:<br>&#8211; Mamograf\u00edas uni o bilaterales con o sin Prolongaci\u00f3n Axilar.<br>&#8211; Mamograf\u00eda con T\u00e9cnica de Eklund. <\/p>\n\n\n\n<p class=\"has-black-color has-text-color has-link-color has-medium-font-size wp-elements-4838d90274fa3e654c6c722a8ac94af2\">&#8211; Mamograf\u00eda con T\u00e9cnica de Magnificaci\u00f3n. <\/p>\n\n\n\n<p class=\"has-pale-cyan-blue-background-color has-background has-medium-font-size\"><strong>TOMOGRAF\u00cdA AXIAL COMPUTADA<\/strong><\/p>\n\n\n\n<p class=\"has-black-color has-text-color has-link-color wp-elements-f07c12f1ebef7d9a19514602974c23f9\">CONTAMOS CON EQUIPAMIENTO PARA LA REALIZACI\u00d3N DE TAC HELICOIDAL. REALIZAMOS PUNCIONES Y BLOQUEOS BAJO TAC.<\/p>\n\n\n\n<p class=\"has-pale-cyan-blue-background-color has-background has-medium-font-size\"><strong>RESONANCIA MAGN\u00c9TICA NUCLEAR<\/strong><\/p>\n\n\n\n<p class=\"has-black-color has-text-color has-link-color wp-elements-dbc18eb426f9827d1fad057126221d2f\">CONTAMOS CON RESONADOR ABIERTO PARA LA REALIZACI\u00d3N DE TODO TIPO DE RESONANCIAS.<br>CEREBRO, MUSCULOESQUEL\u00c9TICAS, TIROIDEA, COLUMNA  ENTRE OTROS<\/p>\n\n\n\n<p class=\"has-pale-cyan-blue-background-color has-background has-medium-font-size\"><strong>NEUROFISIOLOG\u00cdA<\/strong><\/p>\n\n\n\n<p class=\"has-black-color has-text-color has-link-color wp-elements-fa966ca99c5212edaeda91b4367b030c\">REALIZAMOS ESTUDIOS DE DIAGN\u00d3STICO NEUROL\u00d3GICO.<br>ELECTROENCEFALOGRAMA Y ELECTROMIOGRAF\u00cdA DE VELOCIDAD.<\/p>\n\n\n\n<p class=\"has-pale-cyan-blue-background-color has-background has-medium-font-size\"><strong>ECODOPPLER<\/strong> <strong>COLOR<\/strong><\/p>\n\n\n\n<p class=\"has-black-color has-text-color has-link-color wp-elements-9c9b97adecdde1aad1c696dc6b722364\">REALIZAMOS ECODOPPLER COLOR CARDIACO Y PERIF\u00c9RICO.  <\/p>\n\n\n\n<p class=\"has-black-color has-text-color has-link-color wp-elements-09894d055643e1b0b4890e52dc48a849\">ECODOPPLER COLOR  TIROIDEO, TRANSVAGINAL, VESICO-PROST\u00c1TICO ENTRE OTROS.<\/p>\n\n\n\n<p><\/p>\n\n\n\n<p class=\"has-pale-cyan-blue-background-color has-background has-medium-font-size\"><strong>ECOGRAFIAS<\/strong><\/p>\n\n\n\n<p>CONTAMOS CON EQUIPOS DE ULTIMA GENERACI\u00d3N, PARA REALIZAR ECOGRAF\u00cdAS DE DISTINTAS PARTES DEL CUERPO.<\/p>\n\n\n\n<p class=\"has-pale-cyan-blue-background-color has-background has-medium-font-size\"><strong>ESTUDIOS FONOAUDIOLOG\u00cdA<\/strong><\/p>\n\n\n\n<p>REALIZAMOS LOS SIGUIENTES ESTUDIOS:<\/p>\n\n\n\n<p> AUDIOMETR\u00cdA TONAL.<\/p>\n\n\n\n<p>LOGOAUDIOMETR\u00cdA TONAL.<\/p>\n\n\n\n<p>IMPEDANCIOMETR\u00cdA, <\/p>\n\n\n\n<p>TIMPANOMETR\u00cdA,<\/p>\n\n\n\n<p> AC\u00daFENOMETR\u00cdA,<\/p>\n\n\n\n<p><\/p>\n\n\n\n<p class=\"has-black-color has-pale-cyan-blue-background-color has-text-color has-background has-link-color has-medium-font-size wp-elements-bca1d2ac468b37ab7ffef985ec5b126b\"><strong>ESPIROMETR\u00cdA COMPUTARIZADA<\/strong>.<\/p>\n\n\n\n<p>ESTUDIO NECESARIO PARA PREVENIR LAS ENFERMEDADES RESPIRATORIAS OBSTRUCTIVAS CR\u00d3NICAS Y PARA LA PR\u00c1CTICA DEPORTIVA.<\/p>\n\n\n\n<p class=\"has-pale-cyan-blue-background-color has-background\"><strong>DENSITOMET\u00cdA \u00d3SEA<\/strong><\/p>\n\n\n\n<h3 class=\"wp-block-heading has-black-color has-text-color has-link-color wp-elements-2f1b50ebf546319044752323bb08b587\">ESTUDIO NECESARIO PARA LA EVALUACI\u00d3N DE LA OSTEOPOROSIS, PROCESO QUE PUEDE AUMENTAR LA INCIDENCIA DE FRACTURA DE CADERA SOBRE TODO EN MUJERES PRE Y POSMENOP\u00c1USICAS.<\/h3>\n\n\n\n<p class=\"has-pale-cyan-blue-background-color has-background\"><strong>ESTUDIOS CARDIOLOG\u00cdA<\/strong><\/p>\n\n\n\n<p>REALIZAMOS LOS SIGUIENTES ESTUDIOS:<\/p>\n\n\n\n<p>ELECTROCARDIOGRAMA.<\/p>\n\n\n\n<p>ELECTROCARDIOGRAMA CON RIESGO QUIR\u00daRGICO.<\/p>\n\n\n\n<p>ECODOPPLER COLOR CARDIACO. \u2013 <\/p>\n\n\n\n<p>ERGOMETR\u00cdA.<\/p>\n\n\n\n<p>HOLTER 24 HS<\/p>\n\n\n\n<p>PRESUROMETRIA 24HS.<\/p>\n\n\n\n<p class=\"has-pale-cyan-blue-background-color has-background\"><strong>ODONTOLOGIA<\/strong><\/p>\n\n\n\n<p><\/p>\n\n\n<!-- Bot\u00f3n WhatsApp -->\n<a id=\"whatsapp-button\" href=\"https:\/\/wa.me\/+541150642151?text=\u00a1Hola,%20estoy%20interesado%20en%20m\u00e1s%20informaci\u00f3n!\" target=\"_blank\">\n    <img decoding=\"async\" src=\"http:\/\/grupomedicodominico.com.ar\/wp-content\/uploads\/2025\/11\/whatsapp.png\" alt=\"Chat con WhatsApp\" \/>\n<\/a>\n<!-- \/Bot\u00f3n WhatsApp -->\n\n<style>\n    \/* Estilos para el bot\u00f3n *\/\n    #whatsapp-button {\n        position: fixed;\n        bottom: 20px;\n        right: 20px;\n        z-index: 9999;\n        border: none; \/* Elimina cualquier borde *\/\n        box-shadow: none; \/* Elimina sombras no deseadas *\/\n    }\n\n    #whatsapp-button img {\n        width: 50px; \/* Ajusta el tama\u00f1o del \u00edcono *\/\n        height: auto; \/* Mantiene la relaci\u00f3n de aspecto *\/\n        border: none; \/* Elimina cualquier borde *\/\n        box-shadow: none; \/* Elimina sombras no deseadas *\/\n        display: block; \/* Elimina el espacio inferior que puede causar la l\u00ednea *\/\n        margin-bottom: 0; \/* Asegura que no haya espacio debajo *\/\n    }\n<\/style>\n","protected":false},"excerpt":{"rendered":"<p>RADIOLOG\u00cdA DIGITAL NUESTRO SISTEMA DE RADIOLOG\u00cdA ES DIGITAL, CONTAMOS CON DOS APARATOS DE RAYOS, Y TRES PUESTOS DE TRABAJO, CON INTENSIFICADOR DE IM\u00c1GENES Y CIRCUITO CERRADO DE TV, ADEM\u00c1S DEL PERSONAL T\u00c9CNICO ALTAMENTE CAPACITADO. PARA RADIOLOG\u00cdA SIMPLE NO SE REQUIERE SOLICITAR TURNO PREVIO. MAMOGRAF\u00cdA DIGITAL DE ALTA RESOLUCI\u00d3N La mamograf\u00eda es el estudio radiol\u00f3gico de &hellip; <\/p>\n<p class=\"link-more\"><a href=\"http:\/\/grupomedicodominico.com.ar\/\" class=\"more-link\">Segu\u00ed leyendo<span class=\"screen-reader-text\"> &#8220;Nuestros Servicios&#8221;<\/span><\/a><\/p>\n","protected":false},"author":1,"featured_media":0,"parent":0,"menu_order":0,"comment_status":"closed","ping_status":"closed","template":"","meta":{"footnotes":""},"class_list":["post-2","page","type-page","status-publish","hentry"],"_links":{"self":[{"href":"http:\/\/grupomedicodominico.com.ar\/index.php\/wp-json\/wp\/v2\/pages\/2","targetHints":{"allow":["GET"]}}],"collection":[{"href":"http:\/\/grupomedicodominico.com.ar\/index.php\/wp-json\/wp\/v2\/pages"}],"about":[{"href":"http:\/\/grupomedicodominico.com.ar\/index.php\/wp-json\/wp\/v2\/types\/page"}],"author":[{"embeddable":true,"href":"http:\/\/grupomedicodominico.com.ar\/index.php\/wp-json\/wp\/v2\/users\/1"}],"replies":[{"embeddable":true,"href":"http:\/\/grupomedicodominico.com.ar\/index.php\/wp-json\/wp\/v2\/comments?post=2"}],"version-history":[{"count":17,"href":"http:\/\/grupomedicodominico.com.ar\/index.php\/wp-json\/wp\/v2\/pages\/2\/revisions"}],"predecessor-version":[{"id":260,"href":"http:\/\/grupomedicodominico.com.ar\/index.php\/wp-json\/wp\/v2\/pages\/2\/revisions\/260"}],"wp:attachment":[{"href":"http:\/\/grupomedicodominico.com.ar\/index.php\/wp-json\/wp\/v2\/media?parent=2"}],"curies":[{"name":"wp","href":"https:\/\/api.w.org\/{rel}","templated":true}]}}